2
Let j(n) = 4*n**2 + 6*n - 2. Let z be j(-3). Calculate the greatest common factor of z and 144.
16
Suppose -2*h + 4*k - 4 = 2*h, k + 8 = -2*h. Let x(d) = -d**3 - d**2 + 5*d + 3. Let v be x(h). What is the highest common divisor of v and 12?
6
Let s(o) = -14*o - 1. Let v be s(-1). Calculate the highest common factor of 208 and v.
13
Let t be (-1 - 0)/1 - -5. Suppose -2 = -u - 0. Let l be u + t + (0 - 1). Calculate the highest common factor of 10 and l.
5
Let h(w) = w**2 - 9*w + 10. Let c be h(8). Let y be (c + 8)*40/25. What is the highest common divisor of y and 48?
16
Let p = 6 - 10. Let n = p - -10. Calculate the highest common divisor of 3 and n.
3
Let z(k) = 25*k**2 + 2*k + 3. Let u be z(-2). Calculate the highest common factor of u and 9.
9
Let b be (18/(-7))/((-6)/28). What is the greatest common divisor of b and 132?
12
Suppose -7*k = -2*k - 170. What is the highest common factor of 51 and k?
17
Suppose 5*u - 66 - 134 = 0. Calculate the greatest common divisor of 16 and u.
8
Let o = 1 + 3. Suppose -4*w + 2*b + 208 = 0, 0 = -3*w + o*b + b + 142. Let q be w - (0 - (-2 + 3)). Calculate the greatest common factor of 11 and q.
11
Let r be (-3)/(-2)*(-10)/(-3). Suppose r*q = -4*t + 53, 5*q + 12 = -3*t + 63. What is the greatest common divisor of q and 27?
9
Let i = 48 + 12. What is the greatest common divisor of i and 24?
12
Let y(j) = j**2 - 7*j + 2. Let w be y(6). Let p(m) = -2*m - 6. Let u be p(w). Calculate the greatest common factor of u and 14.
2
Suppose 4*k + 4*a = 108, -2*k + 75 = 4*a + 23. Let y = k - 8. What is the highest common factor of y and 10?
10
Let i(s) = s**3 + 3*s**2 - s + 2. Let o be i(-2). Let q be 33/(4/o*3). What is the highest common divisor of q and 11?
11
Let q = -37 - -48. What is the highest common divisor of 1 and q?
1
Let z = 60 + -50. What is the greatest common divisor of z and 6?
2
Let c = -107 - -188. Suppose s = 4*s - c. What is the greatest common factor of s and 18?
9
Suppose 3*m - 39 = 3*n + 42, -58 = -2*m + n. Suppose 0 = -3*y + 2 + m. Calculate the highest common factor of y and 11.
11
Let z = -9 - -11. What is the highest common factor of z and 22?
2
Let a be (-1*(0 - 0))/(-1). Suppose -3*t + a*t + 16 = 2*g, 28 = 5*t + 3*g. Calculate the highest common divisor of t and 8.
8
Suppose -2*t - 4*f + 12 = 0, 6*f - 4 = 2*f. Calculate the highest common divisor of 16 and t.
4
Suppose 11*q - 4*q - 84 = 0. Let i be 21*(352/q)/4. What is the greatest common factor of i and 22?
22
Let n = -19 + 49. Suppose 0 = -2*o - 8, 2*s + 71 - 15 = -2*o. Let u be 4/s + (-242)/(-12). Calculate the greatest common factor of u and n.
10
Suppose -2*g + 5*g - 5*t - 547 = 0, 0 = g + 5*t - 209. What is the highest common divisor of g and 21?
21
Suppose b + 0*b - 4 = 0. Suppose -2*f = -6, 9*f = -v + b*f + 16. Calculate the highest common factor of 5 and v.
1
Let w = 7 + -5. Suppose -y + w*y - 4*o = 52, -5*y = 4*o - 188. Suppose -2*j + 7*j = 40. What is the greatest common divisor of y and j?
8
Let x be -18*(-2 + 3) + 2. Let l = x + 22. What is the highest common factor of l and 60?
6
Suppose -3*b + 2*b + 6 = -x, 5*b = 4*x + 34. Suppose -5*u = 47 - 187. Let k = u - b. What is the greatest common factor of k and 9?
9
Let r(d) = 180*d**2 - 2*d - 2. Let b be r(-1). Calculate the highest common divisor of b and 20.
20
Suppose 0 = -2*q - 0*q. Suppose -2*y + q*y + 150 = 0. Calculate the highest common factor of y and 30.
15
Let z = 14 - 9. Suppose 2*b = -4*d + 14, -z*b = -3*d - 5 - 4. Suppose -d*g + g = -108. What is the highest common factor of g and 12?
12
Let v be -4*(-3 - 15/(-6)). Suppose 0 = -u + 5 + v. Let l(w) = -w**2 + 8*w + 1. Let p be l(u). What is the greatest common divisor of p and 40?
8
Suppose 0*u - 4*u = -4*y + 16, 3*y = 5*u + 14. Suppose -3*j = 4*i - 43, -2*j = y - 13. Calculate the greatest common factor of 35 and i.
7
Let x be (-12)/(-78) - 672/(-26). What is the highest common divisor of 26 and x?
26
Let c = 12 + -6. Let b(h) = -h**3 + h + 4. Let a be b(0). Suppose 0 = -2*d + a*l + 20, l + 4 = -l. Calculate the highest common divisor of d and c.
6
Suppose 0*s - 3 = -s. Let n = s - -5. What is the greatest common divisor of n and 8?
8
Suppose -j = -8 - 12. Let z be -1 - 0 - 160/(-8). Suppose 2*i - z = 1. Calculate the highest common divisor of j and i.
10
Let y(v) = -v**3 + v**2 + 2*v + 35. Let g be y(0). Calculate the highest common factor of 14 and g.
7
Suppose 4*i = 54 + 14. Calculate the greatest common factor of 17 and i.
17
Suppose a = 2*w - 9 - 2, -w + a = -5. Suppose 0*b + w = 3*b. What is the greatest common factor of 1 and b?
1
Suppose -260 = -5*o + 2*c, 6*o - 230 = o - 4*c. Suppose -o = -x - 0*x. Calculate the greatest common factor of 5 and x.
5
Let b be 18*2/(-9)*-6. Suppose -3*z - 59 + 17 = 0. Let x = -2 - z. What is the greatest common factor of x and b?
12
Let u(d) = 5*d**2 + 4*d - 5. Let n be u(1). Calculate the highest common factor of 68 and n.
4
Suppose 0 = -2*o - 2, -k - 3*o + 4 = -o. Suppose 0 = -2*w + 5 + 1. What is the highest common factor of k and w?
3
Suppose -5*b - 5*a + 30 = 0, b - a + 0 = -2. Suppose 6*s - 20 = 4*s. What is the highest common divisor of s and b?
2
Let s be 970/9 - (-8)/36. Calculate the highest common divisor of 12 and s.
12
Let v(s) = -s**2 - 20*s - 32. Let k be v(-16). Calculate the greatest common factor of k and 40.
8
Suppose -4*v = -7*v + 9. Suppose v*r = x + 11, -r - 3*x - 13 = -0*r. Let s be -2 + r - -14*1. Calculate the highest common divisor of 126 and s.
14
Let c be -4*5/(-4) - -1. What is the greatest common factor of 12 and c?
6
Suppose -5*x + 3*m = 2*m - 16, -5*m = 5*x - 40. Calculate the greatest common divisor of 44 and x.
4
Let l = -39 + 74. Suppose 2*s - 30 = 4*u, 0 = -3*s + 5*s + 3*u - 2. Calculate the greatest common factor of s and l.
7
Let w(j) be the second derivative of j**4/12 - j**3/3 + 3*j**2/2 + j. Let c be w(-8). Let r be 0 + (-2)/1 + c. Calculate the greatest common divisor of r and 9.
9
Suppose -5*i + 193 = -607. Calculate the greatest common divisor of i and 20.
20
Let u(w) = w**2 - w. Let i be u(2). Let z be 8/(-16) + 21/i. What is the greatest common factor of z and 90?
10
Suppose 6*b - 4*b + 2*s - 16 = 0, 26 = 4*b + s. What is the highest common divisor of b and 15?
3
Suppose 0 + 20 = 4*o. Let z = 6 - o. Let x be -1*(-2 - (z + -1)). What is the greatest common divisor of x and 2?
2
Suppose 0 = p + f + 1 - 9, 4*p - 17 = f. What is the highest common factor of 45 and p?
5
Suppose 2*w + 1 = 5. Suppose -p = w*q - 1, 0*p - 1 = -p + q. Calculate the highest common divisor of 1 and p.
1
Suppose 2*s - 63 = -7. Let z be (14/4 + -2)*-2. Let n(x) = -3*x**3 - x**2 - 2. Let l be n(z). Calculate the greatest common divisor of l and s.
14
Let x(s) = s**2 - s + 2. Let h be x(4). Suppose 4*w = 109 + 59. Calculate the greatest common divisor of h and w.
14
Let a be ((-3)/(-6))/((-2)/(-24)). Let o(t) = -t - 2. Let q be o(2). Let y be ((-24)/10)/(q/10). What is the greatest common divisor of a and y?
6
Let i = 95 - 65. Calculate the highest common factor of i and 120.
30
Suppose 1 + 3 = y. Suppose -3*a + 20 = y*k, 32 = 3*a + k - 0*k. Calculate the greatest common factor of 18 and a.
6
Let h = -2 + 50. Suppose 173 = -6*g + 3*g + 5*x, -5*x = -5. Let z be ((-96)/g)/((-2)/(-14)). Calculate the highest common divisor of h and z.
12
Let q = 28 - 15. Suppose -q = -4*l + 2*u + u, -13 = 2*l + 5*u. What is the highest common divisor of 3 and l?
1
Suppose 4*m - 3 = 1. Let k be (-2 - (0 - m))*-7. What is the greatest common divisor of k and 7?
7
Let v(z) = -z + 2. Let p be v(0). Suppose -3*k = p*k + 1480. Let x be k/(-36) + 2/(-9). What is the greatest common factor of x and 2?
2
Suppose 0 = 3*o - o - 3*t, 0 = 4*o - 3*t - 6. Suppose 0 = -5*a + o*a. Suppose a*q = -2*q + 104. What is the greatest common factor of 13 and q?
13
Let a(b) = -b**3 - 11*b**2 - 10*b + 11. Let c be a(-10). Let u(g) = g + 1. Let o be u(c). What is the highest common divisor of 108 and o?
12
Suppose -5*r = -5*o + 270 + 40, 5*r + 42 = o. Suppose -o - 53 = -5*j. Calculate the greatest common divisor of j and 4.
4
Let i(p) = -1. Let b(c) = -c. Let w(g) = -b(g) - 6*i(g). Let y be (-6 - -12)*(-4)/(-3). Let z be w(y). Calculate the greatest common factor of 28 and z.
14
Let j(u) = u**3 + 7*u**2 + 5*u